 is n(8)?
2
Let m(c) = -38*c**3 - 15*c**2 - 2. What is m(-2)?
242
Let x(y) = 2*y**3 - 18*y**2 + 58*y - 204. Give x(7).
6
Let g(y) = -y**3 - 148*y**2 + 2090*y - 482. Determine g(-161).
1
Let j(w) = -w**3 - 20*w**2 - 78*w - 1561. Determine j(-20).
-1
Let k(a) = 2*a**2 - 36*a + 5. Determine k(25).
355
Let i(f) = -f**3 + 16*f**2 - 11*f - 79. Give i(15).
-19
Let h(x) = -x**2 + 225*x + 1147. Calculate h(-5).
-3
Let g(u) = 21*u**2 - 402*u + 38. Give g(19).
-19
Let v(j) = 5*j**2 + 727*j - 1890. Give v(-148).
34
Let p(h) = 926*h + 14807. Determine p(-16).
-9
Let t(u) = -u**2 + 10*u - 15. Calculate t(0).
-15
Let y(l) = -186*l + 663. What is y(3)?
105
Let m(c) = 44*c**2 - 27*c - 53. Calculate m(-2).
177
Let o(c) = -c**3 - 7*c**2 - 5*c - 30. Determine o(-6).
-36
Let j(f) = -1278*f - 3835. Calculate j(-3).
-1
Let u(t) = -47*t**2 + 20*t - 18. Calculate u(-4).
-850
Let j(n) = -15*n**2 - 14*n + 186. Calculate j(3).
9
Let l(o) = -39*o + 561. Calculate l(8).
249
Let b(t) = t**2 - 85*t - 731. Determine b(-8).
13
Let d(q) = -q**3 - 15*q**2 - 28*q + 265. Give d(-10).
45
Let m(q) = 2*q**3 - 37*q**2 + 21*q - 44. Give m(18).
10
Let j(t) = -107*t + 1349. What is j(13)?
-42
Let u(c) = 314*c + 1240. Calculate u(-4).
-16
Let u(z) = z**2 - 21*z - 321. Give u(29).
-89
Let z(y) = y**2 - 158*y - 23356. Determine z(-93).
-13
Let k(m) = -674*m - 5378. What is k(-8)?
14
Let f(h) = h**3 - 4*h**2 - 25*h + 33. Calculate f(12).
885
Let r(z) = 441*z - 4416. Calculate r(10).
-6
Let d(h) = -89*h - 21. Give d(-3).
246
Let i(a) = -4*a**3 + 133*a**2 + 99*a + 109. Give i(34).
7
Let u(o) = 8*o**3 - 159*o**2 - 18*o + 32. Calculate u(20).
72
Let t(d) = 2*d**2 - 5*d + 33. Calculate t(0).
33
Let r(a) = 560*a - 17364. Give r(31).
-4
Let r(z) = -605*z + 1187. What is r(2)?
-23
Let g(z) = -2*z**3 - 2*z**2 - 24*z - 7. Determine g(-6).
497
Let i(p) = -17*p**2 - 5*p + 122. Give i(-9).
-1210
Let i(s) = -s**3 + 3*s**2 - 14*s + 87. Give i(4).
15
Let j(a) = -350*a + 7351. What is j(21)?
1
Let x(c) = -c**2 + 69*c - 510. What is x(53)?
338
Let h(g) = -3*g + 50. Give h(33).
-49
Let r(y) = -37*y**3 - y**2 + 2*y. Give r(1).
-36
Let n(m) = -m**3 + 9*m**2 + 75*m - 550. Determine n(11).
33
Let m(n) = 4*n**3 + 448*n**2 + 7*n + 786. Give m(-112).
2
Let f(g) = -g**2 + 23*g + 287. Give f(33).
-43
Let a(p) = 247*p - 295. Give a(2).
199
Let q(r) = -92*r - 5045. Calculate q(-55).
15
Let v(n) = -5*n**3 + 5*n**2 + 2*n + 1. Determine v(-1).
9
Let b(g) = 16*g - 256. Give b(37).
336
Let o(t) = 279*t - 8744. What is o(31)?
-95
Let g(b) = 875*b - 36748. Give g(42).
2
Let t(v) = -27*v**2 + 424*v - 1. What is t(16)?
-129
Let x(c) = -109*c + 2066. What is x(19)?
-5
Let k(d) = -2*d**3 - 18*d**2 - 61*d + 9. Give k(-4).
93
Let b(s) = s**2 - 34*s + 119. Give b(32).
55
Let h(k) = -k**3 + 5*k**2 + 19*k - 454. Give h(-7).
1
Let g(b) = -b**3 + 20*b**2 - 8*b - 94. What is g(19)?
115
Let y(f) = 37*f**2 + 15*f - 48. Calculate y(3).
330
Let q(v) = 228*v + 5871. Give q(-26).
-57
Let p(f) = 422*f + 3037. Determine p(-7).
83
Let k(s) = 2*s**3 - 43*s**2 - 25*s + 61. Determine k(22).
-5
Let h(u) = -28*u**2 - 9*u + 51. Calculate h(3).
-228
Let g(n) = 19*n**2 + 40*n + 15. Calculate g(-3).
66
Let t(i) = -91*i**2 + 43*i. Determine t(2).
-278
Let t(z) = 19*z**2 + 74*z - 19. Give t(-4).
-11
Let h(o) = -o**2 - 2*o + 3261. What is h(-58)?
13
Let y(q) = 37*q - 795. Give y(19).
-92
Let j(i) = i**2 - 39*i + 336. Determine j(29).
46
Let x(n) = 346*n**2 + 1736*n + 19. Calculate x(-5).
-11
Let o(q) = q**3 + 91*q**2 - 1839*q + 49. Determine o(17).
-2
Let b(t) = t**3 - 12*t**2 + 15*t - 27. Determine b(6).
-153
Let z(a) = -a**3 + 195*a**2 + 793*a + 581. Determine z(199).
-16
Let g(o) = 46*o - 2486. Determine g(55).
44
Let m(o) = -o**2 - o + 42. What is m(13)?
-140
Let c(k) = -35*k - 734. Determine c(-21).
1
Let p(z) = 2*z**3 + 30*z**2 - 36*z - 157. Calculate p(-16).
-93
Let h(x) = 10*x**2 - 910*x + 1792. Calculate h(89).
12
Let u(q) = q**3 + 12*q**2 - 26. What is u(-10)?
174
Let h(v) = -38*v + 1292. Determine h(36).
-76
Let q(l) = -24*l - 49. What is q(4)?
-145
Let x(z) = -2*z**2 - 2*z - 69. Give x(-8).
-181
Let h(a) = -4*a**2 + 278*a + 4295. Determine h(-13).
5
Let t(x) = 3*x**2 + 279*x + 298. Give t(-92).
22
Let s(c) = c**2 + 56*c - 36468. Give s(165).
-3
Let j(y) = -10*y**2 + 32*y + 32. Give j(-1).
-10
Let k(a) = 587*a - 4733. Calculate k(8).
-37
Let z(n) = -298*n + 1488. Determine z(5).
-2
Let w(d) = -123*d - 505. Calculate w(-5).
110
Let p(q) = -108*q**3 - 5*q**2 - 21*q + 28. Determine p(1).
-106
Let c(t) = 4*t**2 + 12*t - 30. Calculate c(2).
10
Let y(z) = -125*z**2 + 252*z - 10. Determine y(2).
-6
Let k(r) = 2*r**3 + 42*r**2 + 499*r + 11938. Determine k(-22).
-8
Let g(p) = -p**3 - 6*p**2 - 52*p - 220. Calculate g(-7).
193
Let z(j) = -j**2 + 102*j + 4161. Determine z(-31).
38
Let n(q) = -3708*q + 16. Determine n(0).
16
Let j(u) = 2*u**3 + 101*u**2 + 756*u + 65. Calculate j(-9).
-16
Let c(h) = -h**2 - 34*h + 415. Calculate c(10).
-25
Let v(r) = -30*r**3 - 3*r**2 + 7*r + 8. Calculate v(-1).
28
Let g(u) = 3*u**2 - 65*u - 71. Calculate g(23).
21
Let m(g) = 2*g**2 - 239*g - 2272. Determine m(-9).
41
Let y(z) = 144*z + 3882. Determine y(-27).
-6
Let g(t) = t**2 + 1614*t + 19221. Give g(-12).
-3
Let o(x) = -4120*x - 4117. Give o(-1).
3
Let c(h) = -128*h - 1269. Give c(-10).
11
Let y(z) = 4*z**2 - 13*z + 12. Give y(6).
78
Let l(d) = 21*d + 687. Give l(-31).
36
Let l(y) = 2*y**3 + 29*y**2 + 37*y - 4. Determine l(-13).
22
Let g(n) = 51*n - 2611. Calculate g(51).
-10
Let g(u) = u**2 + 31*u + 245. What is g(-11)?
25
Let n(c) = 2*c**3 - 67*c**2 + 209*c + 31. Determine n(30).
1
Let b(c) = 2*c**2 - 58*c + 703. Give b(15).
283
Let n(d) = -2*d**2 + 34*d - 402. What is n(11)?
-270
Let l(k) = 27*k**2 + 168*k + 7. Calculate l(-6).
-29
Let o(d) = -3*d**2 - 286*d - 4831. Determine o(-22).
9
Let x(n) = n**2 - 15*n - 8505. Determine x(-85).
-5
Let a(l) = 435*l + 2868. Calculate a(-6).
258
Let l(f) = -6*f**2 - 360*f + 1791. Calculate l(5).
-159
Let h(u) = u**2 - 107*u - 613. Determine h(-6).
65
Let t(r) = 238*r - 9. What is t(0)?
-9
Let k(h) = h**3 - 23*h**2 + 37*h - 38. What is k(22)?
292
Let y(r) = -16*r + 1. What is y(3)?
-47
Let s(l) = -112*l - 2825. Determine s(-25).
-25
Let z(a) = 2*a**3 - 7*a**2 + 138*a - 587. Determine z(4).
-19
Let k(a) = 27*a + 785. Give k(-29).
2
Let l(j) = -3*j**2 + 82*j + 219. Give l(30).
-21
Let d(m) = 9*m**2 + 680*m + 12241. Calculate d(-46).
5
Let o(k) = 12*k**3 - k**2 - 6*k - 2. Calculate o(-1).
-9
Let g(f) = 14*f + 118. Calculate g(-17).
-120
Let z(t) = 191*t + 2107. Give z(-11).
6
Let s(a) = -78*a - 418. Determine s(-5).
-28
Let a(t) = -4*t**2 - 316*t + 13. Calculate a(-79).
13
Let s(n) = -4*n**3 - 16*n**2 - 13*n + 1. Calculate s(-1).
2
Let v(o) = -5*o**2 - 239*o + 55. What is v(-48)?
7
Let y(c) = 12*c - 322. Calculate y(14).
-154
Let r(f) = -1222*f + 1263. What is r(1)?
41
Let m(j) = -53*j - 848. What is m(-16)?
0
Let r(w) = -185*w - 22850. What is r(-123)?
-95
Let j(r) = 11*r - 52. Give j(6).
14
Let z(j) = -4*j**2 - 2*j - 77. Determine z(10).
-497
Let y(t) = -t**2 + 80*t - 1357. What is y(56)?
-13
Let a(s) = 202*s - 31700. Determine a(157).
14
Let o(c) = 110*c**3 + 3*c**2 + 5*c - 14. Determine o(2).
888
Let b(n) = 21*n**2 - 123*n - 1. Calculate b(6).
17
Let v(l) = -9*l**3 - 320*l**2 + 143*l - 34. Calculate v(-36).
2
Let q(o) = o**3 + 13*o**2 - 89*o + 99. Give q(-18).
81
Let o(p) = -2*p**3 - 5*p**2 + 17*p - 12. Give o(1).
-2
Let r(u) = -11*u**2 - 759*u + 6. What is r(-69)?
6
Let j(f) = 80*f - 319. Give j(8).
321
Let v(r) = -r**3 + 11*r**2 + 34*r - 58. What is v(10)?
382
Let v(u) = 8*u**2 + 176*u - 8. Determine v(-22).
-8
Let z(q) = -166*q - 7819. Determine z(-47).
-17
Let k(w) = 69*w - 1638. What is k(23)?
-51
Let v(b) = -13*b**2 - 213*b + 741. Calculate v(3).
-15
Let p(h) = 26*h - 546. What is p(22)?
26
Let v(r) = 26*r**2 + 4*r - 1. Calculate v(-2).
95
Let h(g) = 93*g + 51. What is h(-2)?
-135
Let d(u) = -20*u - 1095. Determine d(-58).
65
Let w(u) = -u**3 - 136*u**2 + 15823*u - 382. Determine w(-211).
40
Let f(m) = -m**2 + 8*m + 362. Calculate f(-16).
-22
Let c(g) = -18*g**3 + 3*g**2 + g - 16. What is c(3)?
-472
Let w(u) = 39*u - 3230. Determine w(83).
7
Let c(u) = 59*u**2 - 3*u - 14. Give c(-2).
228
Let t(g) = -g**3 - 34*g**2 - 76*g - 67